d(v) = -v**3 - 24*v**2 - 63*v - 1381. Give d(-23).
-461
Let p(n) = -n**3 + 244*n**2 - 891*n + 494. Give p(3).
-10
Let r(s) = 8*s**3 - 6*s**2 - 480*s - 863. Calculate r(-2).
9
Let w(a) = -93529*a - 1402939. Determine w(-15).
-4
Let n(o) = 143*o**3 - 1116*o**2 - 232*o + 28. Calculate n(8).
-36
Let m(x) = 691*x + 31550. What is m(-45)?
455
Let m(r) = -641*r**3 + 32*r**2 + 10*r + 7. What is m(-2)?
5243
Let w(b) = -b**3 - 65*b**2 - 324*b - 199. Give w(-59).
-1969
Let b(k) = 935440*k + 3741771. Determine b(-4).
11
Let d(p) = 343*p**2 - 187619*p - 1095. What is d(547)?
-1
Let u(t) = t**2 + 38*t - 1807. What is u(-69)?
332
Let z(w) = 13070*w - 1071769. What is z(82)?
-29
Let x(t) = 5*t**2 + 575*t + 8319. Determine x(-98).
-11
Let b(p) = 10132*p - 243175. What is b(24)?
-7
Let n(r) = -r**3 - 78*r**2 + 2576*r - 26. Determine n(25).
-1
Let v(n) = 17412*n + 224336. Give v(-13).
-2020
Let s(m) = -2823*m + 38574. Give s(14).
-948
Let f(q) = -22380*q + 805674. Give f(36).
-6
Let a(w) = w**3 - 37*w - 48. What is a(6)?
-54
Let t(d) = d**2 + 39009*d - 1366533. Calculate t(35).
7
Let p(t) = -479879*t - 9597583. Calculate p(-20).
-3
Let f(g) = 2*g**2 - 8791*g - 274372. What is f(-31)?
71
Let g(k) = -k**2 + 149*k + 2979. Calculate g(-28).
-1977
Let h(i) = -i**3 + 3*i**2 - 341*i + 672. Determine h(2).
-6
Let z(i) = -i**2 + 26136*i + 706395. Give z(-27).
-6
Let d(w) = 888*w + 11509. What is d(-13)?
-35
Let o(d) = 192327*d + 12885914. What is o(-67)?
5
Let g(m) = -164734*m - 988396. What is g(-6)?
8
Let g(b) = -2*b**3 + 89*b**2 - 215*b + 7491. Determine g(44).
-33
Let c(f) = f**3 + 59*f**2 + 792*f + 10726. Give c(-47).
10
Let q(j) = 113*j - 6703. Determine q(59).
-36
Let l(p) = -29*p**2 + 1343*p - 5266. Calculate l(42).
-16
Let z(a) = 5*a**2 + 977308*a - 3909242. Give z(4).
70
Let k(n) = 2838*n**2 - 14197*n + 15. Calculate k(5).
-20
Let g(d) = 3*d**3 + 39*d**2 + 545*d + 7053. What is g(-13)?
-32
Let w(q) = 3*q**2 + 95*q - 1246681. Determine w(629).
-3
Let k(z) = -2*z**2 - 1956*z - 41604. What is k(-22)?
460
Let d(j) = 6*j**3 + 18*j**2 - 700*j - 1888. Calculate d(-11).
4
Let i(s) = 3*s**2 + 3540*s + 35117. Determine i(-10).
17
Let i(p) = -424*p + 7278. Calculate i(17).
70
Let r(p) = -15*p**2 + 506*p - 60. What is r(34)?
-196
Let t(k) = -k**3 + 4*k**2 + 592*k + 74. Calculate t(-22).
-366
Let j(f) = -2*f**3 - 49*f**2 + 264*f - 26. Determine j(4).
118
Let b(k) = 733*k + 595. Determine b(-2).
-871
Let t(s) = 7140*s - 107085. What is t(15)?
15
Let i(c) = 665*c + 87271. Determine i(-131).
156
Let k(y) = -68*y - 6301. What is k(-103)?
703
Let a(w) = 4*w**3 + 63*w**2 + 36*w - 1654. Calculate a(-12).
74
Let l(n) = -968*n + 11305. Give l(12).
-311
Let j(z) = -766*z - 89623. Give j(-117).
-1
Let m(q) = 2*q**3 + 318*q**2 - 979*q - 118. Give m(-162).
1016
Let x(g) = -6*g**2 + 824*g - 74. Give x(136).
1014
Let x(w) = -4545*w + 113619. What is x(25)?
-6
Let q(w) = 47734*w + 25012603. Calculate q(-524).
-13
Let y(r) = 3*r**2 - 1480*r + 154807. What is y(150)?
307
Let h(w) = -17*w**3 + 1771*w**2 + 5217*w - 8673. Give h(107).
-6
Let w(u) = -12992*u + 52534. Determine w(4).
566
Let g(c) = -37*c**3 - c**2 - 14*c - 5. Calculate g(-2).
315
Let d(g) = -5*g**2 + 844*g + 6013. What is d(-7)?
-140
Let m(j) = -29*j + 6808. What is m(238)?
-94
Let f(c) = 2*c**2 - 228*c - 1398. Give f(117).
-696
Let d(z) = -z**3 + 105*z**2 + 52*z + 5670. Determine d(106).
-54
Let v(u) = -u**3 + 398*u**2 - 1947*u - 7051. Calculate v(393).
23
Let k(b) = 65*b**2 - 45*b - 246. Give k(-4).
974
Let k(u) = -2*u**2 - 22*u + 1297. What is k(20)?
57
Let m(w) = w**2 - 64*w + 916. Determine m(25).
-59
Let o(n) = 2837*n + 1128613. Determine o(-398).
-513
Let m(v) = 13*v**2 + 866*v + 1351. Calculate m(-65).
-14
Let y(i) = 8*i**3 - 509*i**2 + 2610*i + 9. What is y(58)?
9
Let g(o) = -474*o**2 - 21011*o - 6819. Calculate g(-44).
1
Let i(q) = 2*q**2 - 3019*q - 9092. What is i(-3)?
-17
Let d(m) = -2766*m**3 - 10*m**2 + 12*m + 7. Calculate d(-1).
2751
Let y(i) = 1183*i**2 - 13041*i - 1. Determine y(11).
-309
Let o(f) = -f**2 + 484*f + 123769. What is o(669)?
4
Let m(z) = -9*z**3 - 1476*z**2 - 1445*z + 3627. Calculate m(-163).
41
Let h(s) = 7*s**2 + 1246*s - 5008. Calculate h(4).
88
Let w(f) = -42*f + 9872. Calculate w(234).
44
Let i(g) = 24*g**3 + 6790*g**2 - 591*g - 7073. What is i(-283)?
2
Let u(c) = 88*c**2 + 12239*c + 966. Determine u(-139).
-7
Let f(a) = 6*a**2 + 559*a - 4444. Give f(8).
412
Let m(b) = 56*b**2 + 6328*b + 66. Determine m(-113).
66
Let n(u) = 120*u + 202. Give n(1).
322
Let u(v) = v**3 + 61*v**2 + 51*v - 511. Determine u(-60).
29
Let g(q) = 10*q**3 - 12*q**2 - 20*q + 82. Determine g(2).
74
Let z(u) = -u**2 + 1038*u - 110234. Calculate z(120).
-74
Let n(g) = 107676*g - 2153562. Give n(20).
-42
Let d(v) = 1020*v - 1922. Calculate d(1).
-902
Let r(z) = -25760*z - 103060. Give r(-4).
-20
Let i(f) = 28542*f + 456072. What is i(-16)?
-600
Let g(h) = -h**2 - 59*h + 488. Give g(7).
26
Let q(c) = -3423*c + 30512. What is q(9)?
-295
Let l(x) = -2*x**2 - 385*x - 1906. What is l(-193)?
-2099
Let s(i) = -i - 435. Calculate s(-75).
-360
Let h(r) = 14*r**3 + 46*r**2 + 299*r + 110. Give h(-7).
-4531
Let z(l) = -2*l**3 + 7*l**2 - 25058*l + 125365. What is z(5)?
0
Let i(j) = 5642*j - 33659. What is i(6)?
193
Let k(x) = -2*x**2 + 41121*x - 369954. Calculate k(9).
-27
Let m(f) = -270*f**2 + 4867*f + 30. Determine m(18).
156
Let o(x) = -36*x**2 + 194*x - 198. Determine o(1).
-40
Let h(r) = 2*r**2 + 602*r + 20871. Calculate h(-261).
-9
Let a(g) = 8*g + 180. What is a(61)?
668
Let m(v) = 103*v - 4529. Give m(43).
-100
Let o(v) = 26*v**3 - 310*v**2 - 761*v + 73. Determine o(14).
3
Let i(d) = d**3 + 177*d**2 - 1972*d + 86. Determine i(11).
1142
Let n(s) = -616*s - 131825. Determine n(-214).
-1
Let p(m) = -m**3 - 1227*m**2 - 56604*m - 14148. What is p(-1179)?
0
Let u(f) = -f**2 - 58*f + 4844. Determine u(-117).
-2059
Let w(l) = -2*l**3 - 206*l**2 - 1210*l + 962. Calculate w(-7).
24
Let c(w) = -19809*w + 2713841. Calculate c(137).
8
Let q(c) = 19*c**2 + 22793*c + 59843. Determine q(-1197).
-7
Let s(u) = u**3 - 49*u**2 + 242*u - 126. Give s(5).
-16
Let r(s) = -2*s**2 - 1559*s + 15816. Determine r(10).
26
Let a(t) = 3*t - 1189. Determine a(11).
-1156
Let k(m) = -5*m**3 + 195*m**2 - 1324*m - 364. What is k(30)?
416
Let p(c) = -c**3 - 77*c**2 + 17979*c - 122. Give p(-178).
-300
Let u(a) = -206*a - 7187. What is u(-35)?
23
Let c(k) = -4376*k - 25935. Calculate c(-6).
321
Let r(f) = -1042*f**2 - 1044*f + 2. Calculate r(-2).
-2078
Let g(v) = -9*v**2 + 18*v + 3362. Calculate g(21).
-229
Let n(t) = -6562*t - 84760. Determine n(-13).
546
Let v(r) = 84*r**2 + 124295*r - 36993. What is v(-1480)?
7
Let w(v) = v**3 + 64*v**2 - 43*v + 1236. Give w(-65).
-194
Let u(w) = 311*w - 43150. What is u(141)?
701
Let w(d) = -d**3 + 471*d**2 + 29514*d + 103. Calculate w(-56).
-9
Let l(p) = -5218*p - 8578390. Give l(-1644).
2
Let s(n) = -229*n - 4023. What is s(-24)?
1473
Let u(l) = 40056*l + 13. Calculate u(0).
13
Let j(c) = 3*c**2 + 168*c - 3799. What is j(18)?
197
Let w(u) = -136*u**2 - 1910*u - 27. Calculate w(-14).
57
Let x(r) = r**3 - 27*r**2 + 70*r - 99. What is x(25)?
401
Let a(v) = -34*v**2 - 7253*v + 4591. Calculate a(-214).
-331
Let s(w) = -14*w**2 + 274*w - 1207. What is s(5)?
-187
Let d(k) = -144*k**2 + 16417*k - 163. Give d(114).
-49
Let u(h) = -54*h**2 + 54992*h - 75266. Give u(1017).
-8
Let m(o) = -76*o**3 - 3028*o**2 + 487*o + 287. Give m(-40).
7
Let h(v) = v**3 + 197*v**2 - 3*v - 132. Determine h(0).
-132
Let r(l) = 8*l**2 - 513*l - 5982. What is r(-10)?
-52
Let k(g) = 25*g + 3814. Determine k(-155).
-61
Let y(v) = 58419*v + 116586. What is y(-2)?
-252
Let p(h) = 571*h - 1439. Determine p(6).
1987
Let y(z) = z**3 + 61*z**2 - 6*z - 24. Determine y(-61).
342
Let m(l) = -66*l + 1877. Calculate m(21).
491
Let b(d) = -3*d**3 + 154*d**2 - 353*d + 121. Calculate b(49).
-369
Let u(c) = -2*c**3 - 77*c**2 + 125*c + 200. Give u(-40).
0
Let x(z) = 79*z**2 - 38*z + 110. Determine x(3).
707
Let o(v) = -42533*v + 170145. Calculate o(4).
13
Let p(d) = 41*d**3 + 413*d**2 - 4*d + 57. Determine p(-10).
397
Let t(w) = 2*w**3 - 99*w**2 + 388*w + 567. Calculate t(45).
-198
Let a(q) = -53*q + 954. What is a(16)?
106
Let v(d) = -9601*d + 259077. Determine v(27).
-150